9
Let j(c) = 11*c**3 + c**2 - 5*c - 10. Give j(-2).
-84
Let f(c) = 158*c - 1643. Give f(11).
95
Let z(l) = -2*l**3 - 41*l**2 + 25*l - 19. Give z(-21).
-103
Let l(g) = -3*g**2 + 39*g - 86. Calculate l(10).
4
Let c(z) = z**3 - 21*z**2 + 20*z + 8. What is c(20)?
8
Let s(t) = -t**3 + 27*t**2 + 628*t + 140. Determine s(42).
56
Let b(d) = -64*d**2 + 385*d + 9. What is b(6)?
15
Let b(g) = 19*g + 187. Give b(5).
282
Let g(h) = -71*h**2 - 2*h - 11. Determine g(3).
-656
Let w(c) = c**2 - 20*c - 444. Calculate w(-13).
-15
Let s(y) = 2*y**3 - 52*y**2 - 61*y - 159. Determine s(27).
-348
Let x(t) = 197*t + 1418. Calculate x(-7).
39
Let b(n) = -n**3 - 28*n**2 + 244*n + 8. Give b(7).
1
Let c(z) = 5*z - 196. Determine c(-17).
-281
Let u(a) = 290*a + 1121. Determine u(-5).
-329
Let y(b) = 473*b + 922. What is y(-2)?
-24
Let f(p) = -p**3 - 78*p**2 + 782*p - 91. Calculate f(-87).
-4
Let q(w) = -w**3 + 20*w**2 + 45*w - 15. What is q(22)?
7
Let x(g) = -g**3 + 74*g**2 + 2*g + 127. Determine x(74).
275
Let o(i) = i**3 + 42*i**2 + 435*i + 60. Determine o(-24).
-12
Let p(s) = s**2 + 103*s + 2547. What is p(-62)?
5
Let b(i) = 5*i**2 + 19*i + 19. Determine b(0).
19
Let w(n) = -965*n - 1920. Calculate w(-2).
10
Let r(w) = 84*w - 574. What is r(7)?
14
Let j(a) = -41*a - 805. Calculate j(-27).
302
Let b(d) = 2*d + 60. Calculate b(-14).
32
Let h(f) = -31*f + 1029. Give h(33).
6
Let m(c) = -8*c + 314. Give m(21).
146
Let u(o) = -o**2 + 33*o - 178. What is u(20)?
82
Let l(d) = 4*d - 1. Determine l(2).
7
Let p(k) = -3*k**2 - 10*k + 41. What is p(-9)?
-112
Let f(u) = -15*u + 1145. Determine f(73).
50
Let v(m) = -482*m + 71847. Calculate v(149).
29
Let g(x) = 2*x**2 + 114*x + 254. Determine g(-55).
34
Let z(h) = 116*h**2 - 360*h + 5. Give z(3).
-31
Let a(z) = 17*z**2 + 679*z + 32. Determine a(-40).
72
Let b(l) = l**3 - 5*l**2 - 35*l - 69. Give b(10).
81
Let i(w) = 4*w**3 + 24*w**2 + 85*w + 62. Give i(-1).
-3
Let j(z) = 98*z + 37. Determine j(2).
233
Let l(y) = -2*y**2 - 188*y + 351. What is l(2)?
-33
Let u(q) = 1789*q + 14313. What is u(-8)?
1
Let s(f) = 5*f**2 - 148*f - 128. What is s(28)?
-352
Let m(y) = y**2 - 8*y - 99. Calculate m(-6).
-15
Let c(o) = o**3 + 11*o**2 - 73*o + 8. Give c(-15).
203
Let h(r) = 14*r**3 - 8*r**2 + 3*r + 7. What is h(2)?
93
Let g(a) = 2*a**3 + 4*a**2 - 10*a. What is g(-5)?
-100
Let b(d) = 2*d**2 - 40*d + 31. Give b(19).
-7
Let b(r) = -289*r + 12710. Determine b(44).
-6
Let o(v) = v**3 + 6*v**2 - 35*v - 67. Calculate o(-9).
5
Let z(w) = -w**2 - 8*w + 5180. Give z(68).
12
Let z(f) = -64*f + 1233. Give z(19).
17
Let l(b) = -106*b**2 + 517*b + 20. Determine l(5).
-45
Let r(y) = -y**3 - 14*y**2 - 92*y - 249. Calculate r(-5).
-14
Let m(z) = -2*z**3 - 26*z**2 + 173*z - 140. What is m(-18)?
-14
Let m(w) = -w**3 + 280*w**2 - 831*w + 5. Give m(3).
5
Let o(t) = -178*t - 148. What is o(-1)?
30
Let m(z) = z**2 - 425*z + 38841. Calculate m(133).
5
Let g(o) = -53*o**2 + 377*o - 51. Calculate g(7).
-9
Let r(t) = -10*t**2 + 38*t - 24. What is r(2)?
12
Let f(m) = -50*m - 28. Calculate f(-2).
72
Let s(g) = g**2 - 18*g - 802. Give s(-20).
-42
Let i(v) = v**3 + 7*v**2 - 153*v - 1154. What is i(-8)?
6
Let m(v) = 517*v + 7. Determine m(0).
7
Let h(i) = -4*i**3 + 147*i**2 - 246*i + 49. Give h(35).
14
Let o(t) = -t - 321. Calculate o(21).
-342
Let r(i) = -11*i**3 - 9*i**2 + 11*i + 16. Determine r(2).
-86
Let h(l) = -240*l + 2455. Determine h(10).
55
Let v(k) = -k**3 - 21*k**2 - 39*k + 110. What is v(-22)?
1452
Let w(k) = -k**3 - 11*k**2 + 59*k + 642. Calculate w(-11).
-7
Let a(b) = -2*b**2 + 15*b - 25. Determine a(4).
3
Let n(d) = 45*d**2 - d - 10. Determine n(2).
168
Let g(x) = 6*x**3 + 43*x**2 + 8*x + 1. Calculate g(-7).
-6
Let l(z) = 67*z - 335. What is l(6)?
67
Let g(p) = 4*p**3 + 6*p**2 - 2*p - 9. What is g(-3)?
-57
Let g(r) = 425*r - 4186. Give g(10).
64
Let o(r) = -3*r**2 - 47*r - 138. Calculate o(-3).
-24
Let l(f) = -f**2 - 18*f + 220. Determine l(-24).
76
Let r(t) = -8*t + 125. Give r(4).
93
Let o(x) = -46*x**2 + 309*x + 308. Give o(-1).
-47
Let f(b) = -b**2 - 32*b - 32. Give f(-15).
223
Let c(l) = -49*l - 25. What is c(0)?
-25
Let f(q) = 210*q + 855. Calculate f(-4).
15
Let k(l) = l**3 - 17*l**2 - 17*l - 17. Determine k(19).
382
Let o(q) = q**3 - 34*q**2 + 137*q - 7537. What is o(36)?
-13
Let l(k) = -4*k**2 + 67*k - 245. What is l(6)?
13
Let b(d) = d**3 - 8*d**2 - 39*d + 295. Determine b(7).
-27
Let c(v) = v**3 + 262*v**2 - 794*v - 22. Determine c(3).
-19
Let x(w) = -17*w**2 + 320*w + 44. Calculate x(19).
-13
Let f(r) = -2*r**3 + 75*r**2 + 49*r - 63. Give f(38).
355
Let h(o) = -o**2 - 408*o + 2881. What is h(7)?
-24
Let c(m) = 5*m**2 - 300*m + 161. Determine c(59).
-134
Let x(u) = -9*u**3 - 1053*u**2 - 27*u - 3171. Give x(-117).
-12
Let w(r) = -r**3 - 5*r**2 + 29*r - 58. Give w(-9).
5
Let h(d) = d**3 + 99*d**2 - 432*d - 2053. Give h(-103).
7
Let w(u) = -u**2 - 26*u + 497. Determine w(-39).
-10
Let j(m) = -172*m - 1580. What is j(-9)?
-32
Let z(m) = 82*m + 728. What is z(-9)?
-10
Let n(x) = -23*x + 49. Calculate n(-3).
118
Let q(d) = 3*d**2 - 3254*d - 22903. Determine q(-7).
22
Let b(o) = -6*o**2 + 32*o + 107. Determine b(-4).
-117
Let u(r) = -177*r + 53451. Determine u(302).
-3
Let h(u) = 2*u**3 + 2*u**2 - 8*u + 71. What is h(-5)?
-89
Let h(r) = r**3 + 20*r**2 - 229*r + 426. Give h(6).
-12
Let f(a) = 60*a - 477. Calculate f(8).
3
Let i(u) = 430*u + 6891. Give i(-16).
11
Let r(l) = l**2 - 10*l - 7. Determine r(13).
32
Let j(a) = a**2 - 40*a - 853. Calculate j(-16).
43
Let h(z) = 109*z**2 + 139*z + 1. Calculate h(-1).
-29
Let p(g) = 2*g**3 + 66*g**2 + 63*g - 48. Give p(-32).
-16
Let n(j) = -73*j + 2442. What is n(33)?
33
Let r(h) = 2*h**2 + 110*h + 55. Give r(-54).
-53
Let k(a) = 32*a - 364. Determine k(11).
-12
Let h(b) = 211*b + 596. What is h(-3)?
-37
Let r(o) = 35*o - 1320. What is r(37)?
-25
Let p(v) = 48*v + 348. Calculate p(-9).
-84
Let z(s) = 2*s**3 + 15*s**2 - 8*s - 60. Give z(-8).
-60
Let g(d) = d**3 + 6*d**2 - 20*d - 18. Give g(-8).
14
Let z(d) = 8*d**3 + 29*d**2 + 49*d + 8. What is z(-4)?
-236
Let o(m) = m**2 - 1407*m + 11257. What is o(8)?
65
Let i(a) = a**2 - 53*a + 708. Calculate i(25).
8
Let j(d) = d**3 - 22*d**2 + 55*d - 248. Determine j(20).
52
Let k(t) = 11*t**2 - 196*t + 49. What is k(17)?
-104
Let s(u) = -461*u**2 + 2768*u - 1. Determine s(6).
11
Let d(b) = b**3 - 8*b**2 - 467*b - 9. Give d(-18).
-27
Let m(h) = -101*h - 963. Calculate m(-8).
-155
Let u(x) = x**2 + 134*x + 4263. Give u(-52).
-1
Let y(p) = p**2 - 311*p - 944. Give y(-3).
-2
Let t(h) = 2*h**3 - 198*h**2 + 385*h + 278. Give t(97).
-13
Let x(q) = -59*q - 234. Calculate x(-3).
-57
Let z(l) = l**3 - 12*l**2 + 2*l + 40. Determine z(7).
-191
Let o(a) = 3*a**2 + 154*a + 334. What is o(-49)?
-9
Let t(a) = -2*a**3 + 39*a**2 + 68*a - 56. What is t(21)?
49
Let u(x) = -23*x - 195. Give u(-14).
127
Let a(s) = s**2 + 5087*s - 184433. What is a(36)?
-5
Let u(r) = -4*r**2 - 36*r + 117. Determine u(-14).
-163
Let h(j) = 14850*j - 89096. Give h(6).
4
Let v(r) = -695*r - 7089. Give v(-10).
-139
Let d(k) = -853*k + 51185. What is d(60)?
5
Let h(q) = q**2 - 411*q - 5938. Give h(-14).
12
Let r(p) = -1359*p - 8159. Give r(-6).
-5
Let y(o) = 10*o + 217. What is y(0)?
217
Let z(w) = -137*w**2 + 5*w + 5. Determine z(-1).
-137
Let p(m) = m**2 - 2*m + 8. Calculate p(11).
107
Let r(k) = 39*k + 98. What is r(-3)?
-19
Let j(n) = -n**2 - 28*n + 1239. Determine j(-52).
-9
Let j(k) = k**3 - 42*k**2 - 131*k - 144. What is j(45)?
36
Let p(h) = 165*h - 9077. Determine p(55).
-2
Let w(s) = 123*s**2 + 122*s - 12. Give w(-1).
-11
Let s(l) = 112*l + 754. Give s(-7).
-30
Let a(v) = -9*v + 163. Calculate a(18).
1
Let k(m) = -2793*m - 304431. Calculate k(-109).
6
Let a(v) = 14*v**3 - 115*v**2 + 9*v + 118. Determine a(8).
-2
Let c(x) = -x**3 + 20*x**2 + 19*x - 28. Calculate c(21).
-70
Let h(d) = 6*d - 9. Give h(-4).
-33
Let s(a) = a**3 + 19*a**2 - 22*a + 28. Determine s(-20).
68
Let b(y) = 6*y + 148. Determine b(-27).
-14
Let x(r) = -194*r + 5488. Give x(28).
56
Let s(p) = -p**3 + 6*p**2 + 3*p - 8. Determine s(7).
-36
Let k(x) = -2*x**3 + 38*x**2 - 97*x + 24. What is k(16)?
8
Let x(r) = -2*r**2 - 22*r - 65. Calculate x(-8).
-17
Let l(a) = -a**3 + 4*a**2 + 9*a + 69. Determine l(7).
-15
Let c(w) = -3*w**3 - 137*w**2 + 72*w +